common factor of i and p.
12
Let h(d) = d**3 - 5*d**2 + 5*d - 7. Let p be h(5). Suppose -4*l + 3*y = p, -3*y - y - 8 = 0. Let g = 6 - l. Calculate the highest common divisor of g and 36.
12
Suppose 2 = -2*t - 5*m + 16, -2*m = 2*t - 8. Let r be 2/((t/(-1))/8). Let v = r + 11. What is the highest common factor of v and 3?
3
Suppose 0*l = -4*l - 2*v + 96, -5*v + 24 = l. Calculate the highest common factor of l and 60.
12
Let a(s) = -154*s. Let k be a(-1). Let i = 73 + -59. What is the highest common divisor of k and i?
14
Let h = -22 + 98. Let u(z) = -4*z - 1. Let a be u(-5). Calculate the highest common divisor of h and a.
19
Let w(n) = n**2 + 2*n - 2. Let a be w(-2). Let r be a + 22 - (-2)/(-2). What is the highest common divisor of 57 and r?
19
Let n(t) = 9*t**2 + 4*t + 1. Let v be n(-3). Calculate the highest common divisor of 28 and v.
14
Let r(s) = s**2 + 6*s + 2. Let q be r(-6). Suppose 2 = 4*w - q*w. Let f be -1 + (w*14 - 2). What is the greatest common divisor of f and 22?
11
Let p be (-31)/(-2) + 1/2. Calculate the highest common divisor of 128 and p.
16
Let d be 4/14 + 52/14. Calculate the greatest common divisor of 2 and d.
2
Suppose 0 = 5*q + 4*u + 2, 14 = 4*q - 0*q - 2*u. Calculate the greatest common factor of 10 and q.
2
Let z(f) = -f**3 + 5*f**2 - 4*f + 2. Suppose 3*h + 1 = 7. Let m be z(h). Suppose 0 = v - 12 + 3. Calculate the greatest common divisor of m and v.
3
Suppose 4*v - 2 = 2*f - 48, -2*f - 4*v + 6 = 0. Suppose 104 = 4*o - 0*o. What is the greatest common divisor of o and f?
13
Let v = -34 + 94. Suppose 4*t = -l + 24, -2*t + 0*t = 5*l - 66. What is the highest common factor of v and l?
12
Suppose 2*d - 241 = -187. Let o(h) = -h**3 + 8*h**2 + 2*h - 9. Let w be o(7). Calculate the greatest common divisor of w and d.
27
Let c(w) be the third derivative of -7*w**5/12 + 3*w**2. Let f be c(-1). Let o be (-2)/3 + f/(-3). What is the highest common factor of 55 and o?
11
Let u(p) = p**2 - 11*p - 6. Let c be u(13). What is the highest common factor of c and 20?
20
Suppose 35*c - 30 = 29*c. Calculate the highest common factor of 1 and c.
1
Let n = -225 + 390. What is the highest common divisor of n and 15?
15
Suppose c + 8 = 5*j, 0*j = 2*j - 5*c - 17. Let k(p) = -p**3 + 6*p**2 - 2*p - 5. Let q be k(5). Calculate the greatest common divisor of q and j.
1
Let r be 16/(-6)*(-15)/(-10). Let u = 12 + r. Suppose 2*k - 4 = u. Calculate the greatest common factor of 6 and k.
6
Let v be (26/(-4))/(2/(-20)). Calculate the greatest common factor of v and 26.
13
Suppose -4*v + 5 = 1. Let p(t) = 17*t - 1. Let z be p(v). What is the greatest common factor of z and 176?
16
Let j(q) = 16*q + 8. Let h be j(7). Calculate the highest common divisor of 15 and h.
15
Let u(s) = -2*s - 6 - 5*s**3 + s**2 - s + 4*s**3. Let i be u(-4). Suppose -4*y + 50 = -5*f + 137, 5*y - i = -4*f. What is the highest common factor of f and 95?
19
Let l = 0 + 9. Calculate the greatest common divisor of 9 and l.
9
Let p = 28 - 17. Let s(k) = k**2 - 13*k - 29. Let y be s(15). What is the highest common factor of p and y?
1
Suppose -320 = -a - 3*a. Let p = -38 + a. Calculate the greatest common divisor of 14 and p.
14
Let x(y) = -y**3 + 6*y**2 - y + 8. Let d be x(6). Suppose d*b + 35 = -5*t - 0*b, 5*t + 35 = -b. Let z = 11 + t. What is the greatest common divisor of z and 1?
1
Suppose 0 = -4*i + 45 + 51. Calculate the highest common factor of 6 and i.
6
Suppose -5*z = -0*z. Suppose 0 + 8 = 3*n - j, 5*n - 4*j - 4 = z. Suppose -5*r = d - 113, 0*d - 12 = -n*d. What is the greatest common factor of 2 and r?
2
Suppose p = 3*p - 410. What is the greatest common factor of 82 and p?
41
Let n(c) = 10*c**2 + 4*c + 2. Let w be n(-2). Suppose -w = -s + 6. Let y = -3 + 8. What is the greatest common factor of y and s?
5
Let n(k) = -k**2 - 19*k - 26. Let x be n(-12). Calculate the greatest common factor of 29 and x.
29
Let r(b) = b**3 + b**2 - b. Let d(w) = w**3 + 8*w**2 + 2*w + 6. Let f(a) = d(a) - 2*r(a). Let h be f(6). Calculate the highest common factor of 6 and h.
6
Let q be 3/(-6) + 9/2. Calculate the highest common factor of q and 8.
4
Suppose -i + 3*i = 5*w + 86, i - 53 = 5*w. Let d(s) = -s**3 + 6*s**2 + s - 3. Let j be d(6). What is the greatest common factor of i and j?
3
Let z be (-20)/(-6) - (-1)/(-3). Suppose 4*d - 115 = 825. Suppose -745 = -z*i - d. What is the greatest common divisor of i and 17?
17
Let y(m) = 5*m**2 + 3*m + 1. Let z be y(4). What is the greatest common factor of z and 62?
31
Let h(j) = -j - 7. Let s be h(-5). Let g(p) be the first derivative of p**3/3 - p**2/2 - p + 8. Let b be g(s). Calculate the highest common divisor of 35 and b.
5
Let x = -4 - -29. Suppose -i + 11 = 1. Calculate the greatest common divisor of i and x.
5
Let j be 1*12/10*20. Let w = 180 + -132. Calculate the greatest common divisor of j and w.
24
Let m be 1/((-4)/((-8)/2)). Suppose -105 = -2*w - m. Calculate the greatest common divisor of 26 and w.
26
Let c be (-1 - 0)/(2/(-2)). Suppose 3 = 5*v - 2. What is the greatest common factor of c and v?
1
Let k(l) = 3*l**2 - 5*l + 3. Let s be k(3). Suppose 0*n - 15 = -n. Calculate the highest common factor of s and n.
15
Let f be -3 - 4*3/(-6). Let z be -1 + -3 + 3 + f. Let p be (360/(-21))/(z/14). Calculate the highest common divisor of 48 and p.
24
Suppose -4*d - 3*l = -11, l - 6 - 1 = -2*d. Suppose -8*k = -d*k - 6. Calculate the highest common divisor of 2 and k.
2
Let c = -1670 - -2593. Suppose -6*i + c = 347. Calculate the highest common divisor of 16 and i.
16
Suppose 2*a - 4*d - 592 = -2*d, -a + 295 = -2*d. What is the greatest common factor of 27 and a?
27
Let b(j) = -j**2 + 5*j. Let y be b(4). Suppose y*g - 2*g - 38 = 0. Calculate the highest common divisor of 76 and g.
19
Let h(k) = k**2 - 23*k + 18. Let l be h(23). Let b(j) = -j**3 + 9*j**2 - 4*j + 6. Let t be b(6). Calculate the greatest common factor of l and t.
18
Suppose -5*p + 2*w + 24 = 0, 2*p - 3*p + 2*w = 0. Calculate the highest common factor of 54 and p.
6
Let s(t) = t**3 + 2*t**2 - t + 4. Let q be s(2). Calculate the highest common divisor of q and 72.
18
Let g = 60 - 20. Let t = -12 - -32. What is the greatest common divisor of g and t?
20
Let p(v) = -v**3 + 3*v**2 + 7*v - 6. Let q be p(4). Let g = q - 18. Let f = 45 + g. What is the highest common divisor of f and 22?
11
Let g = -9 + 32. Suppose -3*c + 21 = 9. Suppose -2*y + 0*y = c*w - 464, 5*y = -5*w + 585. What is the highest common divisor of g and w?
23
Let z(d) = -d**3 - 4*d**2 - 3*d + 3. Let a be z(-3). Suppose 30 = -5*q + 7*q. What is the greatest common divisor of q and a?
3
Let s = -48 - -60. What is the highest common divisor of s and 48?
12
Suppose 152 = 5*b - 98. Suppose -2*g = 2*i - 30, -3*g + 2*i + 75 = 5. What is the highest common factor of g and b?
10
Let x = 2 - -3. Suppose 4*o = 4*a + 4 - 180, a - x*o - 28 = 0. What is the highest common factor of 8 and a?
8
Suppose -5*i + 300 = -6*j + j, -3*i = 2*j - 200. Calculate the greatest common divisor of 4 and i.
4
Let l be 12 + (0/1)/((-4)/2). What is the highest common factor of l and 12?
12
Let g be -3 + 4 - 187/(-1). What is the greatest common factor of g and 47?
47
Suppose -113 + 158 = t. Calculate the highest common divisor of 60 and t.
15
Let h(o) = 10*o**2 + 7*o + 3. Let d be h(-5). Suppose -50 = 4*a + d. Let z = a + 147. What is the greatest common factor of 10 and z?
10
Let h be (6/4)/(18/24). Suppose -h*a + 1 = -n, 2*n - 7*n = -5*a. What is the greatest common divisor of n and 9?
1
Let r be (2/(-6))/((-1)/9). Suppose -2*k - r*k + 110 = 0. Calculate the greatest common divisor of 55 and k.
11
Suppose -327 = -3*q + 4*o, 2*q + 4*o - 93 = q. Suppose 2*w + 42 = 4*w. Calculate the greatest common divisor of q and w.
21
Suppose 0 = 5*n - 0*n + 5*o - 80, 4*o + 62 = 5*n. What is the highest common factor of 35 and n?
7
Let h(b) = b**3 + 7*b**2 + 4*b - 7. Let p be h(-5). Let m = -8 + -2. Let c = p + m. What is the greatest common divisor of c and 39?
13
Let c(g) = -g**3 - 16*g**2 + 16*g + 25. Let h be c(-17). What is the greatest common divisor of 14 and h?
14
Let n = -37 + 26. Let k = n + 19. Suppose 8*s - 3*s - 10 = 0. Calculate the greatest common divisor of k and s.
2
Let i be 2/7 + 19/7. Let m = i + -8. Let v be (192/5)/(-4)*m. Calculate the high